is 10 + 10 + -40 - -5?
-15
-10 + (-5 - (6 + -16)) + 6 + 4
5
Calculate 7 - -1 - (-67 - -84) - -6.
-3
Evaluate 2 - (-7 + 6 + 0) - 2 - -3.
4
Evaluate 17 + 8 + -1 + -11.
13
Evaluate -37 - (-12 + 5 + 4 + -10).
-24
What is the value of 2 + (10 - (11 + 3))?
-2
Calculate (11 - (-13 + (5 - -2))) + 0.
17
Evaluate -11 + 10 - 2 - -11.
8
What is -24 - -36 - (14 - 8)?
6
What is -22 + 15 - (37 - 22)?
-22
What is the value of -6 - -16 - (10 - 10)?
10
What is -30 - -18 - (1 - 7)?
-6
Evaluate (22 + -20 + -15 - 5) + 18.
0
What is the value of 0 + -14 - (-317 + 295)?
8
(3 + 21 - 45) + 25
4
Calculate 12 + -6 + 7 + -6 - 6.
1
What is the value of -2 - 46 - (361 - 389)?
-20
(1 - (15 + -6)) + 26 + -24
-6
What is -16 - 0 - (-5 + -6)?
-5
Calculate 0 + (24 - 7) - 2 - -3.
18
Evaluate (6 - (-10 - -18)) + (0 - 1) - -14.
11
What is 11 - (-2 + 1 + (23 + -44 - -24))?
9
(2 - 16) + 16 + 28 + -7
23
Calculate (-6 - 15 - -19) + (1 + -1 - -5).
3
33 - (-7 + 5 + -12 + 23)
24
Calculate -1 - 3 - 5 - -13.
4
Calculate -7 - (-24 - (7 - 12)).
12
14 + -15 + (-5 - -4)
-2
Evaluate (-48 - -23) + 4 + 41.
20
What is the value of -133 - -139 - (-1 + -8)?
15
What is -6 + (-6 - (-20 - 3))?
11
What is (73 - 84) + 3 + (2 - 0)?
-6
Calculate (-6 - (18 + -15)) + 5.
-4
Calculate -3 + (10 - 27) - -35.
15
Calculate 23 + -33 + -15 - -22.
-3
What is the value of 1 + 2 - (-66 - (-9 - 41))?
19
Calculate 0 - 1 - -9 - (-15 - (-11 - 0)).
12
What is (4 - (-1 + 9)) + (2 + -16 - -31)?
13
(0 - -11) + (-125 - -81) + 17
-16
What is the value of -3 + (15 - (48 - 24))?
-12
What is the value of (7 - 24) + (3 - (-14 - -17))?
-17
What is -3 + 7 + 5 + 3?
12
What is the value of -2 + -2 - (-520 + 498)?
18
What is the value of 0 + -2 + (4 - (0 - -11))?
-9
(12 - (-1 + 16)) + 8 + -2 + 1
4
1 + -4 + 175 + -174 + -10
-12
Calculate -20 + 4 + (7 - 17 - (-2 + -11)).
-13
What is (4 - (-4 - -2)) + 2 - (27 - 31)?
12
Evaluate 0 - (8 + -12 - -7) - (2 - 23).
18
What is -9 + 12 + 1 - (-14 - 3)?
21
What is -8 - -10 - (-2 - (-8 + 3 + 4))?
3
Evaluate 8 + -4 + 18 + (-5 - 6).
11
What is the value of (262 - 267) + (-4 - -1)?
-8
3 + (-14 + 15 - -12) + 0
16
What is -6 - (-8 + 8 + -7) - -3?
4
Calculate -1 + 29 + -23 - (-19 - (4 + -2)).
26
Calculate -53 + 56 + (4 - 2 - 13).
-8
What is 197 - 212 - (-31 - 2) - -8?
26
Calculate 9 + -18 + (15 - 5).
1
What is (8 - -1) + -2 + -1 - -1?
7
Evaluate (3 + -4 - (21 - 18)) + 8.
4
197 + -190 - ((0 + 0 - 1) + 23)
-15
Calculate (-19 - (18 - 50)) + -29.
-16
What is 47 + -7 - 37 - (-7 - -2)?
8
What is -19 + 10 + (27 + -3 - -2)?
17
Calculate 6 - (2 - 4 - (0 - 3 - 3)).
2
What is the value of (10 - (2 + 20)) + (20 - 35)?
-27
What is (0 + 1 - (90 - 83)) + -1?
-7
Evaluate (-18 - -13) + 23 + -20 + 0.
-2
What is the value of -6 - (8 + 0 + -3 + 3 + -3)?
-11
What is the value of (13 - (21 + -20)) + (1 - -2)?
15
What is (1 - 0) + -32 + 39?
8
Calculate 15 - (33 + (-9 - -7)).
-16
What is -20 + (-5 - -14) + 5 + -7?
-13
Evaluate (-39 - -59) + (1 + -2 - 10).
9
Calculate 148 - 142 - (-1 - -4) - -18.
21
What is 5 + -3 - (74 + -51)?
-21
Calculate 18 + 6 + -12 + -1.
11
What is the value of -2 - (4 + -10) - (33 + -14)?
-15
What is (0 - -5) + -10 + -7 + 7?
-5
Calculate (5 - 15) + -2 + 6 + -7.
-13
Calculate 26 + -23 + 2 + 10 - -19.
34
What is the value of 4 + (-12 - (-25 + 12)) + (14 - -2)?
21
Evaluate 8 + 21 + (-21 - 15).
-7
What is the value of 0 + -1 + -1 + (-19 - (19 - 48))?
8
Evaluate (2 - 3) + (1 - -1 - -6 - 0).
7
(-2 + -28 - -34) + (1 - -1)
6
Calculate -27 - (-2 - (9 + -2 + -9 - -6)).
-21
What is the value of (0 - (4 + 6)) + 6 + 20?
16
Calculate 15 + -19 + 5 + -1.
0
Calculate -93 + 115 + -28 + 9.
3
What is the value of 4 + -2 + -2 + (-3 - -2) + -7?
-8
What is the value of (14 - 9 - 16) + (-1 - 15)?
-27
-62 + (-38 - -73) - -53
26
Calculate -12 + -2 + -92 + 134.
28
Evaluate (-17 - 7) + 84 + -43.
17
Calculate 6 + ((11 - 11) + -11 - -13).
8
What is -85 + 55 - (6 - 28)?
-8
Evaluate -2 + -1 + -3 + 17 + 7 - 5.
13
Evaluate 29 + (30 - 46) - (7 - 1).
7
What is the value of (-42 - -40) + (5 - 7)?
-4
Evaluate 3 - (23 + -1 - (11 + -4) - -6).
-18
What is the value of 4 - ((9 - 2) + -4) - 8?
-7
Evaluate (-22 - (60 + -47)) + -2 + 0.
-37
What is -12 + (-2 - -3 - (-1 - (0 + -6)))?
-16
What is the value of 13 + -16 + -7 + -6 + -1?
-17
Evaluate -13 + 1 - 11 - -13.
-10
What is (-42 - (3 - 23)) + 43?
21
What is the value of (-9 - (-16 - -6)) + (-1 - 0) + -9?
-9
What is the value of -12 + 1 + 17 + 1 + -388 + 365?
-16
(5 - 18) + 7 + 11 + -5 - 2
-2
What is ((-4 - -16) + -46 - -9) + 7?
-18
Calculate 23 - (18 - 31 - -23).
13
Evaluate 0 - (-37 + 1 + 17).
19
Evaluate -7 + -14 + 24 + 9.
12
What is (-21 - -43) + -79 + 34?
-23
What is -49 + (-15 - (18 + -58))?
-24
What is (-1 - -2) + -12 + -8 + (24 - 9)?
-4
What is -4 - (3 - -4) - (-54 + 53)?
-10
Calculate 1 + (3 - -23) + -20.
7
(140 - 147 - (2 - -1)) + 12
2
Evaluate 4 + 5 + 6 + (-3 - -2 - 1).
13
Evaluate 7 + 1 + 1 + (11 - 31).
-11
-1 - 4 - (7 + -7 + 0 + 1)
-6
-6 + (6 - ((-6 - -21) + -7))
-8
What is -410 - -410 - (0 + -1 - (-18 + -4))?
-21
Calculate (2 + -12 - -29) + -37 + -7 + 0.
-25
21 - 4 - 23 - -17
11
Calculate 12 + -1 - 12 - -20 - 3.
16
Calculate 2 + -1 + 0 - ((47 - 7) + -39).
0
9 + (10 - 24 - -2) - (-9 - -4)
2
What is 11 - (34 - (-4 + (15 - 1)))?
-13
What is (-5 - (-2 + -4 - -3)) + (1 - -1)?
0
Evaluate (6 - 1) + (0 - (3 + 2)).
0
Evaluate (-8 + (-1 - -10) - (2 + 1)) + -5.
-7
What is 11 - 8 - 4 - -8?
7
-7 + 3 - (-4 + (11 - 23))
12
-14 - 0 - -11 - (2 - 9)
4
What is the value of (-8 - (-4 - -2)) + (11 - (-9 + 13))?
1
1174 + -1133 + (1 - 20) + 2
24
What is the value of -12 + -12 + 1 - (9 + -20)?
-12
Evaluate 244 + -234 - (1 + -14).
23
Evaluate -11 - -4 - ((-16 - -11) + 4) - 6.
-12
Evaluate (-4 - (20 + -27 - (-4 - 1))) + 5.
3
What is (32 - 3) + -10 + (9 - 1) + -2?
25
What is the value of (11 - 3) + 9 - 8?
9
Evaluate 26 - (-5 + 10 + -15 - -7).
29
Calculate 3 - -4 - (3 - (-6 - 1)).
-3
Evaluate -34 + (1 - (17 + 10 + -8 + -12)).
-40
7 - 0 - -2 - (3 - -1) - 20
-15
What is the value of 0 - -14 - (28 + (-29 - -5))?
10
Evaluate 10 + -30 + (20 - 11) + -2.
-13
What is the value of 7 - 15 - -15 - (-1 - (3 - 2))?
9
What is -5 + -2 - (-26 - 9 - -24)?
4
Calculate 3 - (-12 + (1 - (3 - (-4 - 0)))).
21
Evaluate 23 + -20 + 57 + -31.
29
Calculate 2 + 23 + -6 + -3.
16
What is 30 + -36 + -3 - -3?
-6
Evaluate -4 - (-17 - (-16 + 1)) - (-9 - 0).
7
Evaluate -21 + -23 + -20 + 58.
-6
What is -2 + 2 - (30 + (8 - 14) - 17)?
-7
Calculate -11 - (8 - 17 - (-9 - -1)).
-10
(35 - -2) + (-6 - (3 - 7 - -3))
32
What is the value of -10 + 1 + (-2 + (-2 - -10) - 14)?
-17
What is -13 + (-1 + 20 - 12)?
-6
Evaluate (-3 - (13 + -37)) + -3.
18
(17 - -15) + -58 - (0 - 7)
-19
What is -9 + (3 - (1 + 2))?
-9
What is (2 - -1) + -13 + 21?
11
Evaluate -5 - (2 - 2) - (4 + -4 + 3).
-8
-1 - -7 - (18 - 2)
-10
8 - (3 - (5 + -9 + 14))
15
Calculate -8 + -11 + -1 + 32.
12
Calculate 0 - (-1 - -2) - (567 + -556).
-12
(1 - (-16 + 57)) + 15
-25
What is 9 - (8 + (-7 - 2))?
10
What is the value of 16 + (-2 - (8 + -4))?
10
What is 18 - (-12 + (21 - -8))?
1
Evaluate 11 + (-5 - -20) - 15 - 2.
9
Calculate -3 + -16 - -8 - (-2 + 5).
-14
Evaluate 1 + (-1 - (-2 - -3) - (15 + -23)).
7
What is the value of 12 - (-1 - 4 - (88 - 98))?
7
Calculate -1 - 13 - (-185 - -177) - -4.
-2
Evaluate (170 - 144) + (3 - -5).
34
What is (906 - 908) + (1 - -15)?
14
1 - (5 + (9 - 18 - 6))
11
-4 + (11 - 7) - (-9 + 3)
6
What is 20 - (-19 + 21) - 41?
-23
-1 - 6 - 11 - -5
-13
What is the value of (5 - -11) + (-3 - -2) + -3?
12
Calculate -34 - -37 - (4 - (-3 - -3)).
-1
(-17 + 4 - -12) + -5 - 11
-17
What is the value of -7 - (-6 - 10) - (5 + -2 + -5)?
11
Calculate 0 - ((-3 - (-14 - -2)) + -3).
-6
What is -4 - (-19 + (10 - 11))?
16
What is the value of -8 + (4 - (6 - 3) - -6)?
-1
What is 11 - 7 - (17 + -4 - 3)?
-6
What is 10 + -29 + (-1 - 12) + 2?
-30
What is the value of -2 + (9 + -10 - (-1 - -3))?
-5
Calculate -10 - -11 - (-1 + -1).
3
What is the value of 2 + -40 + 0 - ((-6 - -17) + -17)?
-32
Calculate -3 + -1 + (-13 + -4 - -12).
-9
12 + (0 - -4 - 4) + -4
8
Evaluate 2 + -1 + (15 - 22 - 4) + 2.
-8
(-41 + 36 - 69) + 47
-27
Calculate -1 - 19 - (151 + -158).
-13
What is the value of 15 + (-2 + -12 - (5 - 10))?
6
Evaluate 3 - ((-11 - (15 + -36)) + 1 + -6).
-2
Evaluate 5 + -12 + 6 + 13.
12
What is 0 - (-5 + 28) - (